ate o(d).
-9
Let r(f) = f - f - 3 + f. Let n = 7 + -4. Suppose -n*z - 2*j = 3*j - 5, 16 = 4*j. What is r(z)?
-8
Let v(r) = 8*r**3 - 1. Let s = -414 + 415. Determine v(s).
7
Let s(g) be the third derivative of -g**6/120 - g**5/15 - g**4/6 - g**3/2 - g**2. Let l(w) = -12 - 29 - 81*w - 2*w**2 + 13 - 14. Let n be l(-40). Give s(n).
-3
Let a(n) = -n**2 - 8*n + 4. Let l(y) = -55*y + 433. Let f be l(8). Calculate a(f).
11
Suppose 21 = -3*l + 3*d, -l + d = -d + 6. Let g be 12/9*(-12)/l. Let w(a) = -3 - 7*a**g + 0*a**2 - a**3 + 3*a + 4*a**2. Determine w(-4).
1
Suppose -2*x = 2*o - 32, 2*x + 3*o - 27 - 7 = 0. Let j(p) = p**3 - 15*p**2 + 16*p - 16. Determine j(x).
12
Suppose -11*l = -4*l - 21. Let z(v) be the second derivative of 1/6*v**l - 1/2*v**2 + 0 - 5*v. Give z(-3).
-4
Let q(m) = -6*m + 233. Let c be q(39). Let g(r) = 29*r**2 - r. Determine g(c).
30
Let z(p) = 3*p + 7. Let k(b) = 1 - 10 - 2*b - 3*b + 1. Let s(f) = -2*k(f) - 3*z(f). Calculate s(11).
6
Let d(p) = p**2 + 3*p - 5. Suppose s - 27*m - 3 = -25*m, -5*m = 4*s + 40. Determine d(s).
5
Let i = 332 + -331. Let u(s) = -7*s. Give u(i).
-7
Let n be ((-4)/(-6))/((-20)/(-30)). Suppose 0 = -0*l - l - n. Let c(a) = 10*a**3 + a**2 + a. Determine c(l).
-10
Let g(m) = -m**3 - 4*m**2 - 3*m + 2. Let r be g(-3). Let c(v) = v**r - 3*v + 4*v - 4*v - 4*v. Determine c(7).
0
Let u(o) = -11*o**3 + 32*o**2 + 38*o + 83. Let g(c) = -8*c**3 + 21*c**2 + 25*c + 55. Let f(z) = 7*g(z) - 5*u(z). Determine f(-12).
6
Let j(p) = -4*p - 2. Let a be -2 + 1 + -2 + 45/(-9). What is j(a)?
30
Let o(y) be the second derivative of -y**3/2 - 3*y**2 - 541*y. Determine o(-2).
0
Let g(v) = -v**2 + 10*v + 1. Let b be g(3). Let a(u) = 38*u**2 - b*u**2 - 25*u**2. What is a(1)?
-9
Let p(b) = b - 3. Let w be (10 + -3)*(5 - 1 - 3). Determine p(w).
4
Suppose -2*o - 4 = 0, 3*s - s - 2*o + 36 = 0. Let w = -17 - s. Suppose -x - 2 = -m, 2*m = w*m + 5*x + 10. Let n(c) = c**3 + c**2 - c. Calculate n(m).
0
Let s(k) = -k**3 + 233*k + 8*k**2 + 13 + 238*k - 467*k. What is s(9)?
-32
Suppose 0 = 2*h - 11 - 1. Suppose -l - 70 = -h*l. Let d be (-16)/(-6)*(-21)/l. Let c(i) = i**2 + 3*i + 1. Give c(d).
5
Let q(s) = 3*s**3 + s. Let r(t) = -t**3 - 12*t**2 + 12*t - 14. Let j(n) = 15*n + 2. Let z be j(-1). Let c be r(z). Calculate q(c).
-4
Let o(j) = -4*j - 4. Suppose -17*n = -12*n + 20. Calculate o(n).
12
Suppose -9 = -2*p + 1. Suppose 0 = -3*l + 4*c - 15, p*l + 3*c + 0 = 4. Let x(h) be the third derivative of -h**5/30 - h**3/6 + 6*h**2 - 7*h. What is x(l)?
-3
Let d(b) be the second derivative of -1/6*b**3 + 0 + 6*b + 3/2*b**2. Calculate d(7).
-4
Let o(p) = 917*p**2 - 2 - 923*p**2 + 2*p + p**3 + 1. Calculate o(6).
11
Let v = -104 - -104. Suppose 4*b - 4*k - 4 = v, -b + 3*k - 21 = -4*b. Let z(a) = a**3 - 5*a**2 + 3*a + 1. Give z(b).
-3
Suppose -r + o - 9 = 0, -2*r - 26 = -4*o - 0*o. Let z(q) = q**2 + 11*q - 2. Give z(r).
-32
Let y(q) = q + 8. Suppose 9*s = 8*s - 27. Let l = -9 - s. Suppose -i = -4*i - l. Determine y(i).
2
Let i(z) = -4*z**3 + z**2 + z + 1. Let c(b) = 3*b**3 - 2*b**2 + 2*b - 1. Let k be c(0). Calculate i(k).
5
Suppose -4*b + 23 = 3*t - 8*t, 4*b - 53 = -t. Let z = b + -12. Let v(j) = -j + 7. Give v(z).
7
Let d(h) = 13*h - 26*h + 27 + 14*h. Determine d(0).
27
Let u(p) = p**2 - 4*p - 16. Let g be u(-4). Let r(x) = -14*x - 13*x - g*x + x**2 + 6 + 51*x. What is r(-7)?
-1
Suppose -2*a + 8 = 4. Let b(s) = -4*s**2 - 8*s + 5. Let j(y) = -3*y**2 - 7*y + 4. Let q(v) = a*b(v) - 3*j(v). Give q(-3).
-8
Let c(m) = -m**3 + m**2 - m + 16. Let d be ((-10)/3)/5*-3. Suppose 2*r = -v + 4, 5*v + 3*r = -d + 8. What is c(v)?
16
Let c be (96/(-14))/(-3) + (-2)/7. Let q(l) = -l**3 - 2*l**2 + 0*l**c - 5*l + 2*l + 4 - 2*l**2. Give q(-3).
4
Let g be (-10 - 308/(-33))*1/(-2). Let t(z) be the first derivative of 8 - g*z**3 + 4*z - 3/2*z**2. What is t(-4)?
0
Let r(j) = -10*j**2 + 9*j**2 + 1 + 4354*j - 4358*j. Give r(-2).
5
Let j = 2 + 6. Suppose 3*y - j*y + 10 = 0. Let p(g) = -2*g**y + 2*g**3 - 5*g**2 + 6*g - g**3. Determine p(6).
0
Let r(l) = -3 - l - l + 1. Suppose -5*h = -3*o + 8, -3*h = o - 13 + 1. Suppose -o*z + 10*z = -20. What is r(z)?
8
Let w(p) = -p**3 + 10*p**2 - 6*p - 13. Let o be w(9). Suppose a = 13 - o. Let h(y) = 5*y + 11*y**2 - 18*y**2 - 5*y. Give h(a).
-7
Let s be ((-2)/4 + 2)*2. Let f(z) = -1 + 3 + 10*z**2 - 4 - 11*z**2 + 4*z. Give f(s).
1
Let z be -8 + 4 + 14*1 + -3. Let g be (-3)/2*-2 + 0. Let u(q) = -q**2 + 0*q**2 + 2*q**2 - 10*q + g + 2*q. Give u(z).
-4
Let t(s) = 4 + s + 2 + 10*s**2 - 94*s**3 + 93*s**3. What is t(10)?
16
Let z(p) = -15*p**3 - 14*p**2 - 18*p - 9. Let g(h) = -7*h**3 - 6*h**2 - 8*h - 4. Let d(t) = -13*g(t) + 6*z(t). Calculate d(6).
-26
Let a = 17 - 34. Let v = a - -25. Let d(z) = -z + 9. Let n be d(v). Let c(l) = 4*l. Determine c(n).
4
Let o = -20 - -23. Let n(q) = 16*q**3 + 7*q + 14*q**3 - 29*q**o - 6*q**2 - 3. What is n(5)?
7
Let f(c) = c - 29 + 51 - 24. Let p(x) = -5*x + 134. Let u be p(26). Determine f(u).
2
Let x(s) = 8*s + 2*s**2 + 15 - s**2 - 4 - 2. Let v be x(-8). Let y(z) = z**3 - 10*z**2 + 8*z + 1. Give y(v).
-8
Let w(k) = k - 1. Let l(v) = -2*v + 34. Let n be l(16). Suppose -5 = n*r - 5*x + 3, -4*x = -5*r + 14. Let p(b) = b - 11. Let i be p(r). Determine w(i).
-6
Let q(t) = -t**2 + 10*t + 16. Let m be q(11). Let w(u) = 15 + 2*u - 7 - m - u. Let d be (3 - 3)/(8 - 6). Calculate w(d).
3
Let g be 22/4 - (-9 - -4 - -10). Let q(f) be the first derivative of -g*f**2 + 8 - f. Calculate q(-5).
4
Let d be 9/(-18) - (-82)/4. Let g = 21 - d. Let c(w) = 6*w**2 + w - 1. Calculate c(g).
6
Let v be 22/33*30/4. Let p(h) = -6. Let g(i) = i + 10. Let k(t) = v*p(t) + 3*g(t). Calculate k(-2).
-6
Let h(y) be the second derivative of y**3/2 - 9*y**2/2 + 55*y. Determine h(3).
0
Suppose -5*a + 5*q = 0, -a = -5*a - 3*q - 14. Let y(s) = 5*s**2 - 2*s - 1. Calculate y(a).
23
Let h(u) = -u**2 - 6*u. Suppose 32 = -5*m - k, 5*m + 8 + 39 = 4*k. What is h(m)?
-7
Let d(r) = r + 37. Let q be d(-19). Let j be 8/5 + q/45. Suppose -j*p + 2*f - 4 = -2*f, 0 = 2*p - 3*f + 5. Let i(x) = x. Determine i(p).
-4
Let p(l) = 6*l - 8*l**3 + 0 + 9*l**2 + 6 + 7*l**3 - 4*l**2. Let v be (-1)/(-1*(-4)/(-56)). Let t be (-4)/v - 352/(-56). Determine p(t).
6
Let j(h) = h**3 - 4*h**2 + h + 3. Suppose -11 = -3*r + 6*g - 5*g, -g + 1 = 0. Determine j(r).
7
Let j(b) = b**3 - b + 1. Let n be j(0). Let z be n/(-4) + 84/16. Let v(l) = -3*l**2 + l - 3. Let x(u) = u**2 - u. Let p(g) = -v(g) - 4*x(g). Calculate p(z).
-7
Let l(c) = -c**2 + 9*c + 9. Let i be (-16)/40 - (-6 - 110/25). Calculate l(i).
-1
Let t be (-2)/7 - 37/(-7). Let c = -334 + 341. Suppose -t*j - 25 = c*q - 2*q, q = -4*j - 5. Let m(f) = -f + 3. What is m(q)?
8
Let k(m) be the first derivative of m**4/6 - m**3/6 - m**2 + 4*m + 2. Let w(r) be the first derivative of k(r). What is w(2)?
4
Let u(i) = -i**2 + 8*i - 1. Suppose 5*p - 6 - 4 = 0. Let d be (-2)/p*-3*6. Suppose 0 = 34*g - 31*g - d. What is u(g)?
11
Let x(r) = r**2 - 2*r + 15. Let u(w) = -w - 1. Let l(q) = 6*u(q) + x(q). Determine l(5).
-6
Let a be (-1 + 0)/(-1) + -2. Let v(s) = 3*s - 2*s**2 + s + 290*s**3 - 5*s - 288*s**3. Give v(a).
-3
Let u(w) = w - 10*w**3 - 2*w - 85 + 84 + w. Let p = -3 - -2. Determine u(p).
9
Suppose 0 = m - 6*m + 15. Let b(i) = i**2 - 3*i - 2. Give b(m).
-2
Let w(l) be the second derivative of -l**5/20 - 3*l**4/2 - 8*l**3/3 - 3*l**2 + l + 38. Determine w(-17).
-23
Suppose -o + 5*b + 21 = -0, -3*o + 30 = -4*b. Let v(x) be the second derivative of x**4/12 - 2*x**3/3 + 3*x**2/2 + 107*x - 10. What is v(o)?
15
Let v(h) = -9*h**3 + 50 - 51 + 8*h**3 + 17*h**2 - h + 22. Calculate v(17).
4
Let w be (-2)/3 - 8/(-3). Let y(m) = w + 9*m + 6*m + m**3 + m**2 - 17*m. Give y(-3).
-10
Let h(a) = 9*a - 12. Let g(s) = 4*s - 6. Let y(f) = -5*g(f) + 2*h(f). What is y(7)?
-8
Let q(r) = -3*r**3 + 2*r**2 + r + 1. Let l be q(-1). Let p(n) = 4*n**2 - 6*n**2 + 1 + 3*n**2 + 1 + l*n. Calculate p(-5).
2
Let m(b) = 6*b - 11. Suppose 3157*t - 3154*t = 18. What is m(t)?
25
Let b be ((-120)/(-3 + -5))/(-3). Let l(c) be the first derivative of -c**4/4 - 5*c**3/3 + 4*c - 4. Give l(b).
4
Let j = -772 - -763. Let u(b) = 2*b + 1. Determine u(j).
-17
Suppose 8*t - 96 - 40 = 0. Let m(o) = t*o + 8*o - 38*o + 5 + 12*o. Calculate m(-5).
10
Let a(x) = -2*x - 37. Let l be a(-20). Let c(q) = -6*q 